posite?
True
Is 141569333 composite?
False
Is 14832607 a composite number?
False
Is 9165551 prime?
True
Is 19856035 a composite number?
True
Is 19081409 a composite number?
False
Is 72817373 a prime number?
False
Is 3102901 a prime number?
True
Is 49825723 a prime number?
True
Is 1165471 prime?
True
Is 11049067 composite?
False
Is 43080827 prime?
True
Is 2475763 prime?
False
Is 23368151 prime?
True
Is 149197 a prime number?
True
Is 4614499 a prime number?
True
Is 3875441 prime?
False
Is 1591693 a composite number?
True
Is 9557623 prime?
True
Is 15223993 composite?
True
Is 4655803 prime?
False
Is 1139422 composite?
True
Is 159802403 a composite number?
True
Is 37738343 a composite number?
False
Is 1052316091 prime?
False
Is 1574123 a prime number?
True
Is 30922883 prime?
True
Is 1254863 a composite number?
False
Is 656143871 composite?
False
Is 1312893941 composite?
False
Is 3353771 composite?
True
Is 86808763 prime?
True
Is 426643729 a prime number?
True
Is 172131677 a prime number?
True
Is 102991813 a composite number?
True
Is 8777011 a prime number?
True
Is 4100639 a composite number?
True
Is 9763927 a prime number?
True
Is 150158461 a composite number?
True
Is 21255203 prime?
True
Is 2264029 composite?
True
Is 7979533 composite?
False
Is 10338047 prime?
False
Is 24920733 prime?
False
Is 265758497 a prime number?
True
Is 5879957 a composite number?
False
Is 2149887 a composite number?
True
Is 3134797 composite?
False
Is 31634129 prime?
True
Is 428234389 a composite number?
True
Is 663757 prime?
False
Is 2917001 prime?
True
Is 45451069 a composite number?
False
Is 271771 composite?
False
Is 28144393 a composite number?
False
Is 46223401 a prime number?
False
Is 7709813 a composite number?
False
Is 5851649 prime?
False
Is 65099831 a composite number?
False
Is 2387729 composite?
False
Is 110175629 prime?
False
Is 2053507 composite?
False
Is 3806587 a prime number?
True
Is 167468057 a prime number?
True
Is 84180821 a composite number?
True
Is 4281581 composite?
False
Is 1428567095 prime?
False
Is 7693031 composite?
False
Is 78181867 composite?
False
Is 1428443 composite?
True
Is 1293613 a prime number?
True
Is 406183969 composite?
False
Is 93923267 prime?
True
Is 13709387 composite?
False
Is 39225679 prime?
True
Is 48351851 composite?
True
Is 19212139 a prime number?
False
Is 5778341 composite?
False
Is 7861627 prime?
False
Is 3698749 prime?
False
Is 2263981 composite?
True
Is 26611127 composite?
True
Is 26716649 a prime number?
True
Is 3542509 a prime number?
False
Is 2752247 a composite number?
False
Is 23864207 a prime number?
True
Is 7115 prime?
False
Is 72619259 prime?
True
Is 13591759 composite?
True
Is 1129963993 a composite number?
False
Is 1963772735 composite?
True
Is 16361195 composite?
True
Is 22371053 a composite number?
False
Is 220283 a prime number?
False
Is 6252199 composite?
True
Is 4789391 a composite number?
True
Is 10730359 composite?
True
Is 9241041 a prime number?
False
Is 293397073 a prime number?
False
Is 2415629 prime?
True
Is 1246991 composite?
True
Is 41002141 composite?
False
Is 374663518 a prime number?
False
Is 410514029 a prime number?
True
Is 2238281 a prime number?
False
Is 85224641 a composite number?
False
Is 33909059 a composite number?
False
Is 24477933 a composite number?
True
Is 185973551 a composite number?
False
Is 3369869 prime?
True
Is 307451 a composite number?
False
Is 5316511 a composite number?
True
Is 16777289 composite?
False
Is 5002189 composite?
False
Is 8805017 prime?
False
Is 27316439 a composite number?
False
Is 19748233 a prime number?
False
Is 615883 prime?
True
Is 1989193 a prime number?
True
Is 8756897 composite?
False
Is 19713467 prime?
False
Is 2063801 a composite number?
True
Is 10344115 prime?
False
Is 1188029 prime?
True
Is 291179873 a prime number?
True
Is 1306806509 prime?
True
Is 35477579 a composite number?
True
Is 75729089 prime?
True
Is 196439 a prime number?
True
Is 324895703 composite?
True
Is 376866473 composite?
True
Is 49049417 a prime number?
True
Is 17432687 composite?
True
Is 430357 a composite number?
False
Is 23622839 a prime number?
True
Is 4821879 a composite number?
True
Is 31254203 prime?
True
Is 14470879 a prime number?
True
Is 90557906 a composite number?
True
Is 71477149 a prime number?
True
Is 3304219 a prime number?
True
Is 674339 composite?
True
Is 70030301 composite?
True
Is 228743 composite?
True
Is 161819 composite?
True
Is 25839067 a composite number?
False
Is 127861121 a composite number?
False
Is 2911141 a prime number?
True
Is 469279 prime?
True
Is 995513 a prime number?
True
Is 149011 prime?
True
Is 4854133 composite?
True
Is 253486 a prime number?
False
Is 10261739 a prime number?
False
Is 49542574 prime?
False
Is 1637143 a prime number?
False
Is 5606413 prime?
False
Is 271484743 prime?
True
Is 4600933 a composite number?
False
Is 9010927 prime?
True
Is 54795577 a composite number?
False
Is 3235109 prime?
True
Is 7872895 a composite number?
True
Is 4601071 a prime number?
False
Is 20605019 a prime number?
True
Is 22446497 composite?
False
Is 62613281 a prime number?
True
Is 9881129 prime?
False
Is 396797669 a composite number?
False
Is 6715637 a prime number?
True
Is 282700679 composite?
False
Is 1192993 prime?
False
Is 200048101 composite?
True
Is 16305997 composite?
False
Is 7253447 prime?
True
Is 41024953 a prime number?
True
Is 3722393 a prime number?
True
Is 14339261 a prime number?
False
Is 724465517 composite?
False
Is 4189387 a composite number?
True
Is 33591542 a composite number?
True
Is 126056531 prime?
True
Is 1952311 a composite number?
False
Is 12501074 a prime number?
False
Is 7262501 prime?
True
Is 18121886 a prime number?
False
Is 5219155 a prime number?
False
Is 389263871 composite?
True
Is 6479897 a composite number?
False
Is 6120083 a prime number?
True
Is 572558009 composite?
False
Is 198027143 a composite number?
True
Is 1010267 a prime number?
False
Is 1909837 a composite number?
False
Is 429701 composite?
False
Is 13938619 a composite number?
True
Is 13615165 prime?
False
Is 54674447 a composite number?
False
Is 10122227 a prime number?
False
Is 131353543 prime?
False
Is 225994 prime?
False
Is 2596651 composite?
True
Is 4462249 a composite number?
True
Is 4629869 a prime number?
False
Is 329201 a prime number?
True
Is 62865577 prime?
False
Is 123054803 a composite number?
True
Is 33072647 composite?
False
Is 55224853 composite?
False
Is 2135141 prime?
True
Is 19938349 prime?
False
Is 3571181 a composite number?
False
Is 28740241 a composite number?
False
Is 1824441 composite?
True
Is 31223939 composite?
False
Is 233896291 prime?
False
Is 17457611 prime?
False
Is 4070653 composite?
False
Is 8567693 a prime number?
True
Is 440558 a composite number?
True
Is 6631093 prime?
False
Is 529327 composite?
False
Is 6918047 composite?
False
Is 23013373 prime?
True
Is 5625491 composite?
True
Is 820637 a prime number?
True
Is 1662929 prime?
True
Is 4104673 a composite number?
False
Is 141362107 a composite number?
True
Is 27882059 prime?
True
Is 1201141 a prime number?
True
Is 237673 a prime number?
True
Is 201101 a prime number?
True
Is 16535563 composite?
True
Is 6011251 prime?
False
Is 49748899 composite?
False
Is 149451083 a prime number?
True
Is 6438659 a prime number?
True
Is 155017771 a prime number?
True
Is 30080441 a prime number?
True
Is 1342829 a prime number?
True
Is 1591547 a prime number?
True
Is 179159 prime?
False
Is 11994245 a composite number?
True
Is 10282621 composite?
True
Is 1366559 prime?
False
Is 74598221 prime?
True
Is 142323151 prime?
False
Is 749121731 a prime number?
True
Is 151855127 composite?
False
Is 256321847 a prime number?
True
Is 32943835 composite?
True
Is 3904661 a prime number?
False
Is 8970931 composite?
True
Is 19411421 a composite number?
True
Is 15951137 a composite number?
False
Is 407999 a composite number?
True
Is 47405901 a composite number?
True
Is 66998801 composite?
True
Is 761179 a composite number?
False
Is 146941 composite?
False
Is 13603633 prime?
False
Is 1411471 prime?
True
Is 840871 a prime number?
False
Is 25886221 a prime number?
True
Is 37210961 a prime number?
True
Is 5362129 prime?
False
Is 195446509 a prime number?
False
Is 1823993 a prime number?
True
Is 190513603 prime